- 0 + 12. Suppose 2*b - 128 = -2*b. Calculate the remainder when b is divided by d.
8
Calculate the remainder when 18 is divided by (-4)/6 - (-230)/30.
4
Suppose 5*s - 10 = 0, -5*s = 4*j - 15 + 77. Let b(o) = -o + 30. Let h be b(-12). Let z = h + j. What is the remainder when z is divided by 13?
11
Suppose 0 = -2*h + 4*h - 6. Suppose h*f + n = 126, -n = -2*n. Let d = f - 29. What is the remainder when 38 is divided by d?
12
Let j(d) = -63*d**2 + 13. Let i(m) = 32*m**2 - 7. Let o(b) = -11*i(b) - 6*j(b). Calculate the remainder when 47 is divided by o(1).
22
Suppose h = p - 2, 2*h = p - 2*p + 11. What is the remainder when 9 is divided by p?
4
Suppose 4 = 5*p - 3*p. Suppose u + 2*b = -2*b - 5, -3*b + 60 = 5*u. What is the remainder when u is divided by 2*(6*p)/3?
7
Let p(m) = 4*m - 1. Let g be p(1). Suppose 4*b - g*b - 18 = 0. Suppose 13 = -4*z + 149. Calculate the remainder when z is divided by b.
16
Suppose -3*p + 2*c + 184 = 0, -p - 5*c - 2 = -35. Let m = p + -31. Calculate the remainder when m is divided by 7.
6
Suppose 4*r + 14 = 4*p + 102, 0 = -5*r + 4*p + 115. Calculate the remainder when 50 is divided by r.
23
Let a(f) = 2*f**2 + 6*f - 11. Calculate the remainder when 47 is divided by a(-6).
22
Let k(s) = s**3 + 8*s**2 - 6. Let f(z) = -9*z + 1. Let u be f(1). Let a be k(u). Let o = 13 - a. Calculate the remainder when o is divided by 7.
5
Suppose 0 = n + 3*b - 1, -2*n - 2*b + 1 = -13. What is the remainder when 46 is divided by n?
6
Suppose -y - z + 64 = 0, -132 = -2*y - 3*z - 0*z. Suppose y = -s + 6*s. Suppose 3*p - 170 = -2*p. Calculate the remainder when p is divided by s.
10
Suppose 5*r - 36 + 1 = 0. What is the remainder when 19 is divided by r?
5
Suppose 0 = -2*d - 3*d + 115. Calculate the remainder when 42 is divided by d.
19
Let j(q) = q - 3. Calculate the remainder when 98 is divided by j(24).
14
Let i(q) = 4*q**2 - 5*q + 10. Calculate the remainder when i(3) is divided by 8.
7
Suppose -5*h + 53 = n, -h = -2*n - 3*h + 122. Let o = n - -15. Calculate the remainder when o is divided by 27.
24
Let u(z) = z**2 - z - 1. Calculate the remainder when u(-3) is divided by 7.
4
Suppose 3*c - 51 = -5*a + 126, 0 = -2*c - 3*a + 117. Calculate the remainder when c is divided by 30.
24
Calculate the remainder when -1*(-4)/((-4)/(-7)) is divided by 2.
1
Suppose 5*n - 3*n = 76. Calculate the remainder when n is divided by (-3*10)/(33/(-22)).
18
Let o(s) = s**3 + 5*s**2 + s + 4. Let j be o(-5). Let m = 13 + j. Calculate the remainder when 23 is divided by m.
11
Let y(u) = -u**3 - 6*u**2 - 5*u + 1. Let v = -3 + -2. Let n be y(v). What is the remainder when n/5 + 314/5 is divided by 16?
15
Let i = -30 + 57. What is the remainder when i is divided by 14?
13
Let k = 26 - 3. Let v = k - 9. Suppose 204 = 4*p - 5*g + 24, 0 = 5*g + 20. Calculate the remainder when p is divided by v.
12
Calculate the remainder when (15/(-12))/((-1)/12) is divided by 5.
0
Suppose 0 = -3*q - 2*d - 2*d - 3, q - 9 = 2*d. What is the remainder when 26 is divided by q?
2
Let g(u) = u**2 + 3*u - 3. Let a be g(-3). Suppose -5*j - 2*v + 255 = 0, -2*j + 103 = 5*v - 4*v. Calculate the remainder when j - a/(-3)*2 is divided by 12.
11
Let p = 1 + 4. Suppose 111 = -p*t + 301. Suppose 56 = 2*x - t. Calculate the remainder when x is divided by 16.
15
Let s(h) = 11*h - 10. Let i be s(4). Let m = -21 + i. What is the remainder when 51 is divided by m?
12
Suppose 2*u - 3*u = -2. Suppose -46 + 6 = -u*d. Calculate the remainder when 57 is divided by d.
17
Suppose 4*v + 8 + 8 = 0. Let b = -1 - v. What is the remainder when 5 is divided by b?
2
Let d = 8 + -14. What is the remainder when 4/(-3)*d/4 is divided by 2?
0
Let q(c) = 0 + 0 + c. Let n(f) = -11*f + 7. Let g(w) = -n(w) - 3*q(w). Calculate the remainder when g(7) is divided by 17.
15
Let x = -38 - -53. Calculate the remainder when 87 is divided by x.
12
Let p = -10 - -16. What is the remainder when 9/(-54) - (-97)/6 is divided by p?
4
Suppose 2*k - 2*h - 216 = 0, -h + 412 = 3*k + k. Calculate the remainder when k is divided by 54.
50
Suppose 68*c - 64*c = 432. What is the remainder when c is divided by 10?
8
Let y = -6 + 2. Let b = y - -5. Calculate the remainder when (8 - 2) + (3 - b) is divided by 5.
3
Let a be (0 - -2) + 1 + -3. Suppose a = 5*n + 4*k - 14, 0 = -2*k + 3*k - 1. What is the remainder when ((-5)/(5/4))/(-2) is divided by n?
0
Let q(y) = -2*y**3 - 4*y**2 + 6*y + 4. Let n be 17/5 - 12/30. Suppose -n*z + 32 = -13. What is the remainder when q(-4) is divided by z?
14
Let x be (-228)/(2 - 0) + 2. Let r = -56 - x. What is the remainder when r is divided by 29?
27
Suppose 84 = q + 3*q. Suppose 2*j - q - 17 = 0. Let l = 51 - j. What is the remainder when l is divided by 17?
15
Suppose -g - 2 = 0, -2*l + 106 = -5*g + g. Suppose -82 - 3 = -5*u. What is the remainder when l is divided by u?
15
Suppose 0 = -4*i + 98 - 398. Let h = 112 + i. Calculate the remainder when h is divided by 0*(-1 + 0) + 10.
7
Let c(s) = 4*s**2 + s - 1. Let j be c(-3). Let a = j - 18. What is the remainder when (-4)/(-18) + 241/9 is divided by a?
13
Suppose -b = -7 + 4. What is the remainder when 20 is divided by b?
2
Suppose 0 = h - 2*h + 2. Suppose -4*r - 24 = -4*v, 0 = -4*v + 3*r - h*r + 30. What is the remainder when 15 is divided by v?
7
Suppose 47 = 2*y - 2*i + 3*i, 2*i - 2 = 0. Let c(q) = 13*q**3 - 3*q**2 + 3*q. Calculate the remainder when y is divided by c(1).
10
Calculate the remainder when 1 + (-5 + 2)*-24 is divided by 19.
16
Suppose 8*o + 56 = 12*o. Calculate the remainder when o is divided by 8.
6
Suppose -3*m - 2*z + 0*z = -118, -4*z = 3*m - 122. Calculate the remainder when m is divided by 13.
12
Suppose -2*o = 5*s - 15, 1 = 2*s - 4*o - 5. Calculate the remainder when 55 is divided by 18 + 3/s*1.
17
What is the remainder when ((-1)/(-3))/(15/3330) is divided by 19?
17
Let r = 11 - 6. Suppose -167 = -5*a + 2*p, a + r*p = -4*a + 195. What is the remainder when a is divided by 18?
17
Suppose 0 = -2*c - 24 + 118. Suppose 0 = -2*t + 3*a + 173, -11 + 87 = t + 2*a. Let b = t - 58. Calculate the remainder when c is divided by b.
23
Let h(z) = -6*z - 4. Suppose 3*s - 2*s - 15 = 0. Let i be (-2 - -5)*(-20)/s. Calculate the remainder when h(i) is divided by 11.
9
What is the remainder when 15 is divided by 8/(-6)*(-8 - -2)?
7
Suppose 4*k = 0, 5*p = 3*p - 5*k + 10. Suppose p*x - d = 46, -5*x + 14 = -3*x + 4*d. Calculate the remainder when x is divided by 3.
0
Let g(m) = -2*m - 7. Suppose -4*v = v + 30. Suppose 4*f + 19 = 31. What is the remainder when g(v) is divided by f?
2
Suppose 2*q - i + 5*i = 62, -q + 4*i + 19 = 0. Calculate the remainder when 349 is divided by q.
25
Suppose -3*c - 8 = -4*t + 2*c, 10 = 5*t - c. Let b(a) = 5 - 7*a + 5 + a**3 - 2*a - 7*a**2. What is the remainder when t is divided by b(8)?
0
What is the remainder when 149 is divided by 4 - (-5 + -26 - 3)?
35
Let y be ((-51)/6)/(2/(-4)). Suppose 5*h - y = 18. Calculate the remainder when 18 is divided by h.
4
Let h = -13 + 9. Let c = -49 - -51. Calculate the remainder when (-3)/6 - 10/h is divided by c.
0
Let i = -17 - -11. Let b be (7 + 18/(-3))/((-1)/6). What is the remainder when 22 is divided by (-44)/i - 4/b?
6
Suppose 0 = -3*r + b + 20, -4*b + 3*b = -r + 10. Let i(m) = m + 32. What is the remainder when i(-23) is divided by r?
4
Let z = -13 + 23. Suppose 13 = a + z. Calculate the remainder when 10 is divided by a.
1
What is the remainder when (-8176)/(-77) + -9 - 2/11 is divided by 20?
17
Let u be 1 + (0 - -2) + 2. Suppose -2*v = 0, -2*v = -4*b + 3 + 5. Suppose u*k + 12 = b*h - 7, -2*h + 16 = -2*k. Calculate the remainder when 20 is divided by h.
6
Suppose 0*v = -v. Let w be v/(-2) + -2 - -6. Suppose -4*x + 2*x + 3*j + 72 = 0, -w*x + 144 = -5*j. What is the remainder when x is divided by 19?
17
Let k(u) = 12*u - 3. What is the remainder when 81 is divided by k(2)?
18
What is the remainder when (-139 + 5)*(-2)/4 is divided by 35?
32
Let o = -3 + 15. Calculate the remainder when 20 is divided by o.
8
Suppose 0 = 5*p - 2*c - 45, 0 = -5*p - c + 13 + 17. What is the remainder when 12 is divided by p?
5
Let d(n) = n**2 - 14. Let m be d(0). Let b = m + 26. What is the remainder when 47 is divided by b?
11
Let i be -1 - 1/(-2)*6. Suppose -5*s = 3*r - 7, i*r = 2*s + 2*s + 12. Suppos